{"id":3,"date":"2018-08-31T20:49:47","date_gmt":"2018-08-31T20:49:47","guid":{"rendered":"http:\/\/bezpieczna-przestrzen.pl\/?page_id=3"},"modified":"2020-04-20T20:02:59","modified_gmt":"2020-04-20T19:02:59","slug":"privacy-policy","status":"publish","type":"page","link":"https:\/\/monika-wicinska.com\/index.php\/privacy-policy\/","title":{"rendered":"Polityka prywatno\u015bci"},"content":{"rendered":"<h2 style=\"text-align: center;\">Informacje og\u00f3lne<\/h2>\n<ol>\n<li>Niniejsza Polityka Prywatno\u015bci okre\u015bla zasady przetwarzania i ochrony danych osobowych przekazanych przez U\u017cytkownik\u00f3w w zwi\u0105zku z korzystaniem przez nich serwisu <a href=\"https:\/\/monika-wicinska.com\" target=\"_blank\" rel=\"noopener noreferrer\">www.bezpieczna-przestrzen.pl<\/a><\/li>\n<li>Administratorem danych osobowych zawartych w serwisie jest administrator serwisu: Daniel Kostrzewa, nr NIP 679-259-89-89 z siedzib\u0105 w Milan\u00f3wek, ul. Led\u00f3chowskiej 6.<\/li>\n<li>W trosce o bezpiecze\u0144stwo powierzonych nam danych opracowali\u015bmy wewn\u0119trzne procedury i zalecenia, kt\u00f3re maj\u0105 zapobiec udost\u0119pnieniu danych osobom nieupowa\u017cnionym. Kontrolujemy ich wykonywanie i stale sprawdzamy ich zgodno\u015b\u0107 z odpowiednimi aktami prawnymi &#8211; ustaw\u0105 o ochronie danych osobowych, ustaw\u0105 o \u015bwiadczeniu us\u0142ug drog\u0105 elektroniczn\u0105, a tak\u017ce wszelkiego rodzaju aktach wykonawczych i aktach prawa wsp\u00f3lnotowego.<\/li>\n<li>Dane Osobowe przetwarzane s\u0105 na podstawie zgody wyra\u017canej przez U\u017cytkownika oraz w przypadkach, w kt\u00f3rych przepisy prawa upowa\u017cniaj\u0105 Administratora do przetwarzania danych osobowych na podstawie przepis\u00f3w prawa lub w celu realizacji zawartej pomi\u0119dzy stronami umowy.<\/li>\n<li>Serwis realizuje funkcje pozyskiwania informacji o u\u017cytkownikach i ich zachowaniach w nast\u0119puj\u0105cy spos\u00f3b:\n<ol>\n<li style=\"list-style-type: none;\">\n<ol>\n<li>poprzez dobrowolnie wprowadzone w formularzach informacje<\/li>\n<li>poprzez gromadzenie plik\u00f3w \u201ccookies\u201d.<\/li>\n<\/ol>\n<\/li>\n<\/ol>\n<\/li>\n<\/ol>\n<h2 style=\"text-align: center;\">Polityka prywatno\u015bci w odniesieniu do dobrowolnie wprowadzonych danych<\/h2>\n<ol>\n<li>Serwis zbiera informacje dobrowolnie podane przez u\u017cytkownika w nast\u0119puj\u0105cych miejscach: formularz kontaktowy, kalendarz rezerwacji us\u0142ug psychologicznych, formularz publikacji komentarzy do artyku\u0142u, formularz subskrypcji newslettera. Zastrzegamy sobie mo\u017cliwo\u015b\u0107 rozszerzenia zakresu zbierania informacji, po uprzedniej aktualizacji polityki prywatno\u015bci.<\/li>\n<li>Dane podane w formularzu s\u0105 przetwarzane w celu wynikaj\u0105cym z funkcji konkretnego formularza:\n<ol>\n<li style=\"list-style-type: none;\">\n<ol>\n<li>formularz kontaktowy &#8211; w celu dokonania procesu obs\u0142ugi kontaktu informacyjnego, w szczeg\u00f3lno\u015bci wys\u0142ania odpowiedzi na pytanie U\u017cytkownika. Je\u015bli pytanie b\u0119dzie odnosi\u0107 si\u0119 do naszych us\u0142ug w odpowiedzi mo\u017cemy przedstawi\u0107 U\u017cytkownikowi ofert\u0119.<\/li>\n<li>kalendarz rezerwacji wizyty &#8211; w celu realizacji zarezerwowanej us\u0142ugi i rozliczenia p\u0142atno\u015bci za zarezerwowan\u0105 us\u0142ug\u0119. U\u017cyjemy danych osobowych w szczeg\u00f3lno\u015bci do kontaktu w celu potwierdzenia, zmiany lub anulowania terminu wizyty.<\/li>\n<li>formularz zapisu na newsletter \u2013 w celu realizacji wysy\u0142ki zapisu na newsletter i jego p\u00f3\u017aniejszej regularnej wysy\u0142ki.<\/li>\n<li>formularz komentarza na stronie artyku\u0142\u00f3w \u2013 w celu publikacji (po wcze\u015bniejszej moderacji) komentarza w serwisie oraz informacji o fakcie publikacji na adres e-mail. Po publikacji komentarz b\u0119dzie widoczny dla innych u\u017cytkownik\u00f3w. Adres e-mail b\u0119dzie widoczny tylko dla Administratora strony i upowa\u017cnione osoby.<\/li>\n<\/ol>\n<\/li>\n<\/ol>\n<\/li>\n<li>Poprzez moderacj\u0119 przesy\u0142anych komentarzy U\u017cytkownika Administrator rozumie weryfikacj\u0119 tre\u015bci pod k\u0105tem prawnym oraz og\u00f3lnie przyj\u0119tych zasad dobrego wsp\u00f3\u0142\u017cycia spo\u0142ecznego, zastrzegamy sobie mo\u017cliwo\u015b\u0107 odmowy publikacji tre\u015bci, kt\u00f3ra wed\u0142ug naszej wiedzy stanowi naruszenie obowi\u0105zuj\u0105cego prawa lub zasad spo\u0142ecznych. Jednocze\u015bnie informujemy, \u017ce proces moderacji jest dodatkowym zabezpieczeniem interes\u00f3w U\u017cytkownik\u00f3w i nie wy\u0142\u0105cza odpowiedzialno\u015bci prawnej konkretnego U\u017cytkownika- autora komentarza za jego tre\u015b\u0107.<\/li>\n<li>Dane osobowe pozostawione w serwisie nie zostan\u0105 sprzedane ani udost\u0119pnione osobom trzecim, zgodnie z przepisami Ustawy o ochronie danych osobowych, z wy\u0142\u0105czeniem poni\u017cszych przypadk\u00f3w:\n<ol>\n<li style=\"list-style-type: none;\">\n<ol>\n<li>w zwi\u0105zku z trwaj\u0105cymi lub potencjalnymi post\u0119powaniami, na wniosek uprawnionych S\u0142u\u017cb,<\/li>\n<li>na podstawie prawomocnego wyroku S\u0105du lub decyzji administracyjnej uprawnionego Urz\u0119du,<\/li>\n<li>w celu ustanowienia, wyegzekwowania lub obrony naszych praw (wliczaj\u0105c w to udost\u0119pnienie informacji innym podmiotom w celu przeciwdzia\u0142ania oszustwom).<\/li>\n<\/ol>\n<\/li>\n<\/ol>\n<\/li>\n<li>Do danych zawartych w formularzu przys\u0142uguje wgl\u0105d osobie fizycznej, kt\u00f3ra je tam umie\u015bci\u0142a. Osoba ta ma r\u00f3wnie\u017c praw do modyfikacji i zaprzestania przetwarzania swoich danych w dowolnym momencie.<\/li>\n<li>Czas przechowywania danych osobowych:\n<ol>\n<li style=\"list-style-type: none;\">\n<ol>\n<li>Dane osobowe nie b\u0119d\u0105 przechowywane d\u0142u\u017cej ni\u017c jest to konieczne do tego celu lub tych cel\u00f3w.<\/li>\n<li>W uzasadnionych przypadkach okre\u015blonych odr\u0119bnymi przepisami prawnymi (np. zabezpieczenie na potrzeby dzia\u0142a\u0144 przedstawicieli organ\u00f3w pa\u0144stwowych) zastrzegamy sobie mo\u017cliwo\u015b\u0107 przed\u0142u\u017cenia okresu przechowywania danych, jednak nie du\u017cej ni\u017c jest to niezb\u0119dne do zako\u0144czenia w\/w czynno\u015bci.<\/li>\n<\/ol>\n<\/li>\n<\/ol>\n<\/li>\n<li>Zastrzegamy sobie prawo do zmiany w polityce ochrony prywatno\u015bci serwisu, na kt\u00f3re mo\u017ce wp\u0142yn\u0105\u0107 rozw\u00f3j technologii internetowej, ewentualne zmiany prawa w zakresie ochrony danych osobowych oraz rozw\u00f3j naszego serwisu internetowego. O wszelkich zmianach b\u0119dziemy informowa\u0107 w spos\u00f3b widoczny i zrozumia\u0142y.<\/li>\n<li>W Serwisie mog\u0105 pojawia\u0107 si\u0119 linki do innych stron internetowych. Takie strony internetowe dzia\u0142aj\u0105 niezale\u017cnie od Serwisu i nie s\u0105 w \u017caden spos\u00f3b nadzorowane przez nas. Strony te mog\u0105 posiada\u0107 w\u0142asne polityki dotycz\u0105ce prywatno\u015bci oraz regulaminy, z kt\u00f3rymi zalecamy si\u0119 zapozna\u0107.<\/li>\n<li>W razie w\u0105tpliwo\u015bci co kt\u00f3regokolwiek z zapis\u00f3w niniejszej polityki prywatno\u015bci jeste\u015bmy do dyspozycji &#8211; nasze dane znale\u017a\u0107 mo\u017cna w zak\u0142adce &#8211; KONTAKT.<\/li>\n<\/ol>\n<h2 style=\"text-align: center;\">Polityka prywatno\u015bci w odniesieniu do plik\u00f3w cookies<\/h2>\n<ol>\n<li>Serwis zbiera w spos\u00f3b automatyczny tylko informacje zawarte w plikach cookies.<\/li>\n<li>Pliki (cookies) s\u0105 plikami tekstowymi, kt\u00f3re przechowywane s\u0105 w urz\u0105dzeniu ko\u0144cowym u\u017cytkownika serwisu. Przeznaczone s\u0105 do korzystania ze stron serwisu. Przede wszystkim zawieraj\u0105 nazw\u0119 strony internetowej swojego pochodzenia, sw\u00f3j unikalny numer, czas przechowywania na urz\u0105dzeniu ko\u0144cowym.<\/li>\n<li>Operator serwisu bezpieczna-przestrzen.pl jest podmiotem zamieszczaj\u0105cym na urz\u0105dzeniu ko\u0144cowym swojego u\u017cytkownika pliki cookies oraz maj\u0105cym do nich dost\u0119p.<\/li>\n<li>Zakres zbieranych automatycznie danych obemuje w szczeg\u00f3lno\u015bci:\n<ol>\n<li style=\"list-style-type: none;\">\n<ol>\n<li>informacje o komputerze, w tym adres IP, lokalizacja geograficzna, typ i wersja przegl\u0105darki oraz system operacyjny;<\/li>\n<li>informacje o wizytach i korzystaniu z tej witryny przez U\u017cytkownika, w tym \u017ar\u00f3d\u0142o odes\u0142a\u0144, d\u0142ugo\u015b\u0107 wizyty, wy\u015bwietlenia stron i \u015bcie\u017cki nawigacji w witrynie.<\/li>\n<\/ol>\n<\/li>\n<\/ol>\n<\/li>\n<li>Administrator wykorzystuje pliki (cookies) w celu:\n<ol>\n<li style=\"list-style-type: none;\">\n<ol>\n<li>dopasowania zawarto\u015bci strony internetowej do indywidualnych preferencji u\u017cytkownika, przede wszystkim pliki te rozpoznaj\u0105 jego urz\u0105dzenie, aby zgodnie z jego preferencjami wy\u015bwietli\u0107 stron\u0119,<\/li>\n<li>przygotowywania statystyk pomagaj\u0105cych poznaniu preferencji i zachowa\u0144 u\u017cytkownik\u00f3w, analiza tych statystyk jest anonimowa i umo\u017cliwia dostosowanie zawarto\u015bci i wygl\u0105du serwisu do panuj\u0105cych trend\u00f3w, statystyki stosuje si\u0119 te\u017c do oceny popularno\u015bci strony,<\/li>\n<li>mo\u017cliwo\u015bci logowania do serwisu,<\/li>\n<li>utrzymania logowania u\u017cytkownika na ka\u017cdej kolejnej stronie serwisu.<\/li>\n<\/ol>\n<\/li>\n<\/ol>\n<\/li>\n<li>Serwis stosuje dwa zasadnicze rodzaje plik\u00f3w (cookies) \u2013 sesyjne i sta\u0142e. Pliki sesyjne s\u0105 tymczasowe, przechowuje si\u0119 je do momentu opuszczenia strony serwisu (poprzez wej\u015bcie na inn\u0105 stron\u0119, wylogowanie lub wy\u0142\u0105czenie przegl\u0105darki). Pliki sta\u0142e przechowywane s\u0105 w urz\u0105dzeniu ko\u0144cowym u\u017cytkownika do czasu ich usuni\u0119cia przez u\u017cytkownika lub przez czas wynikaj\u0105cy z ich ustawie\u0144.<\/li>\n<li>U\u017cytkownik mo\u017ce w ka\u017cdej chwili dokona\u0107 zmiany ustawie\u0144 swojej przegl\u0105darki, aby zablokowa\u0107 obs\u0142ug\u0119 plik\u00f3w (cookies) lub ka\u017cdorazowo uzyskiwa\u0107 informacje o ich umieszczeniu w swoim urz\u0105dzeniu. Inne dost\u0119pne opcje mo\u017cna sprawdzi\u0107 w ustawieniach swojej przegl\u0105darki internetowej. Nale\u017cy pami\u0119ta\u0107, \u017ce wi\u0119kszo\u015b\u0107 przegl\u0105darek domy\u015blnie jest ustawione na akceptacj\u0119 zapisu plik\u00f3w (cookies) w urz\u0105dzeniu ko\u0144cowym.<\/li>\n<li>Operator Serwisu informuje, \u017ce zmiany ustawie\u0144 w przegl\u0105darce internetowej u\u017cytkownika mog\u0105 ograniczy\u0107 dost\u0119p do niekt\u00f3rych funkcji strony internetowej serwisu.<\/li>\n<li>Pliki (cookies) z kt\u00f3rych korzysta serwis (zamieszczane w urz\u0105dzeniu ko\u0144cowym U\u017cytkownika) mog\u0105 by\u0107 udost\u0119pnione jego partnerom oraz wsp\u00f3\u0142pracuj\u0105cym z nim reklamodawcom.<\/li>\n<li style=\"text-align: left;\">Informacje dotycz\u0105ce ustawie\u0144 przegl\u0105darek internetowych dost\u0119pne s\u0105 w jej menu (pomoc) lub na stronie jej producenta.<\/li>\n<li>Bardziej szczeg\u00f3\u0142owe informacje na temat technicznych i prawnych aspekt\u00f3w dzia\u0142ania plik\u00f3w cookies dost\u0119pne s\u0105 na stronie ciasteczka.org.pl<\/li>\n<\/ol>\n<h2 style=\"text-align: center;\">\u015arodki bezpiecze\u0144stwa podczas przetwarzania danych U\u017cytkownika<\/h2>\n<ol>\n<li>Podejmiemy zasadne techniczne i organizacyjne \u015brodki ostro\u017cno\u015bci w celu przeciwdzia\u0142ania utracie, nadu\u017cyciu lub zmianie danych osobowych u\u017cytkownika<\/li>\n<li>Wszystkie dane osobowe, kt\u00f3re podaje U\u017cytkownik, s\u0105 przechowywane na naszych bezpiecznych serwerach, chronionych has\u0142em i zapor\u0105 firewall.<\/li>\n<li>Wszystkie informacje z formularzy s\u0105 chronione podczas przesy\u0142ania technologi\u0105 szyfrowania (SSL).<\/li>\n<li>U\u017cytkownik przyjmuje do wiadomo\u015bci, \u017ce transmisja informacji przez jego Sie\u0107 Lokaln\u0105 oraz Internet jest potencjalnie niebezpieczna i bezpiecze\u0144stwo przes\u0142anych w ten spos\u00f3b danych nie jest gwarantowane.<\/li>\n<li>W razie udostepnienia has\u0142a do cz\u0119\u015bci us\u0142ug lub zasob\u00f3w, u\u017cytkownik jest odpowiedzialny za zachowanie poufno\u015bci has\u0142a u\u017cywanego do uzyskania dost\u0119pu do naszej strony internetowej. Nie prosimy U\u017cytkownika o podanie has\u0142a (z wyj\u0105tkiem sytuacji, gdy loguje si\u0119 na naszej stronie internetowej).<\/li>\n<\/ol>\n<h2 style=\"text-align: center;\">Mi\u0119dzynarodowe transfery danych<\/h2>\n<ol>\n<li>Informacje, kt\u00f3re gromadzimy, nie przetwarzamy poza obszarem UE, aczkolwiek anonimowe dane dotycz\u0105ce ruchu i zachowa\u0144 na stronie, zbierane automatycznie w postaci plik\u00f3w cookies, b\u0119d\u0105 przetwarzane przez firm\u0119 trzeci\u0105 w zewn\u0119trznej us\u0142udze (Google Analytics) i w zwi\u0105zku z tym mog\u0105 by\u0107 przetwarzane w innych krajach zgodnie z polityk\u0105 prywatno\u015bci firmy Google Inc.<\/li>\n<li>Dane osobowe, kt\u00f3re U\u017cytkownik publikuje na naszej stronie internetowej poprzez formularz dodawania komentarza, mog\u0105 by\u0107 dost\u0119pne za po\u015brednictwem Internetu na ca\u0142ym \u015bwiecie. Nie mo\u017cemy zapobiec wykorzystywaniu lub niew\u0142a\u015bciwemu wykorzystaniu takich informacji przez inne osoby, dlatego zalecamy ograniczanie do minimum w komentarzu tre\u015bci b\u0119d\u0105cych danymi osobowymi U\u017cytkownika.<\/li>\n<\/ol>\n\n\n<p><\/p>\n","protected":false},"excerpt":{"rendered":"<p>Informacje og\u00f3lne Niniejsza Polityka Prywatno\u015bci okre\u015bla zasady przetwarzania i ochrony danych osobowych przekazanych przez U\u017cytkownik\u00f3w w zwi\u0105zku z korzystaniem przez nich serwisu www.bezpieczna-przestrzen.pl Administratorem danych osobowych zawartych w serwisie jest administrator serwisu: Daniel Kostrzewa, nr NIP 679-259-89-89 z siedzib\u0105 w Milan\u00f3wek, ul. Led\u00f3chowskiej 6. W trosce o bezpiecze\u0144stwo powierzonych nam danych opracowali\u015bmy wewn\u0119trzne procedury i [&hellip;]<\/p>\n","protected":false},"author":1,"featured_media":0,"parent":0,"menu_order":0,"comment_status":"closed","ping_status":"open","template":"","meta":{"ngg_post_thumbnail":0,"footnotes":""},"class_list":["post-3","page","type-page","status-publish","hentry"],"yoast_head":"<!-- This site is optimized with the Yoast SEO plugin v22.7 - https:\/\/yoast.com\/wordpress\/plugins\/seo\/ -->\n<title>Polityka prywatno\u015bci - Bezpieczna przestrze\u0144<\/title>\n<meta name=\"robots\" content=\"noindex, nofollow\" \/>\n<meta property=\"og:locale\" content=\"pl_PL\" \/>\n<meta property=\"og:type\" content=\"article\" \/>\n<meta property=\"og:title\" content=\"Polityka prywatno\u015bci - Bezpieczna przestrze\u0144\" \/>\n<meta property=\"og:description\" content=\"Informacje og\u00f3lne Niniejsza Polityka Prywatno\u015bci okre\u015bla zasady przetwarzania i ochrony danych osobowych przekazanych przez U\u017cytkownik\u00f3w w zwi\u0105zku z korzystaniem przez nich serwisu www.bezpieczna-przestrzen.pl Administratorem danych osobowych zawartych w serwisie jest administrator serwisu: Daniel Kostrzewa, nr NIP 679-259-89-89 z siedzib\u0105 w Milan\u00f3wek, ul. Led\u00f3chowskiej 6. W trosce o bezpiecze\u0144stwo powierzonych nam danych opracowali\u015bmy wewn\u0119trzne procedury i [&hellip;]\" \/>\n<meta property=\"og:url\" content=\"https:\/\/monika-wicinska.com\/index.php\/privacy-policy\/\" \/>\n<meta property=\"og:site_name\" content=\"Bezpieczna przestrze\u0144\" \/>\n<meta property=\"article:publisher\" content=\"https:\/\/www.facebook.com\/Bezpieczna-przestrze%c5%84-686760528377035\" \/>\n<meta property=\"article:modified_time\" content=\"2020-04-20T19:02:59+00:00\" \/>\n<meta name=\"twitter:card\" content=\"summary_large_image\" \/>\n<meta name=\"twitter:label1\" content=\"Szacowany czas czytania\" \/>\n\t<meta name=\"twitter:data1\" content=\"8 minut\" \/>\n<script type=\"application\/ld+json\" class=\"yoast-schema-graph\">{\"@context\":\"https:\/\/schema.org\",\"@graph\":[{\"@type\":\"WebPage\",\"@id\":\"https:\/\/monika-wicinska.com\/index.php\/privacy-policy\/\",\"url\":\"https:\/\/monika-wicinska.com\/index.php\/privacy-policy\/\",\"name\":\"Polityka prywatno\u015bci - Bezpieczna przestrze\u0144\",\"isPartOf\":{\"@id\":\"https:\/\/monika-wicinska.com\/#website\"},\"datePublished\":\"2018-08-31T20:49:47+00:00\",\"dateModified\":\"2020-04-20T19:02:59+00:00\",\"breadcrumb\":{\"@id\":\"https:\/\/monika-wicinska.com\/index.php\/privacy-policy\/#breadcrumb\"},\"inLanguage\":\"pl-PL\",\"potentialAction\":[{\"@type\":\"ReadAction\",\"target\":[\"https:\/\/monika-wicinska.com\/index.php\/privacy-policy\/\"]}]},{\"@type\":\"BreadcrumbList\",\"@id\":\"https:\/\/monika-wicinska.com\/index.php\/privacy-policy\/#breadcrumb\",\"itemListElement\":[{\"@type\":\"ListItem\",\"position\":1,\"name\":\"Strona g\u0142\u00f3wna\",\"item\":\"https:\/\/monika-wicinska.com\/\"},{\"@type\":\"ListItem\",\"position\":2,\"name\":\"Polityka prywatno\u015bci\"}]},{\"@type\":\"WebSite\",\"@id\":\"https:\/\/monika-wicinska.com\/#website\",\"url\":\"https:\/\/monika-wicinska.com\/\",\"name\":\"Bezpieczna przestrze\u0144\",\"description\":\"Gabinet psychologiczny\",\"potentialAction\":[{\"@type\":\"SearchAction\",\"target\":{\"@type\":\"EntryPoint\",\"urlTemplate\":\"https:\/\/monika-wicinska.com\/?s={search_term_string}\"},\"query-input\":\"required name=search_term_string\"}],\"inLanguage\":\"pl-PL\"}]}<\/script>\n<!-- \/ Yoast SEO plugin. -->","yoast_head_json":{"title":"Polityka prywatno\u015bci - Bezpieczna przestrze\u0144","robots":{"index":"noindex","follow":"nofollow"},"og_locale":"pl_PL","og_type":"article","og_title":"Polityka prywatno\u015bci - Bezpieczna przestrze\u0144","og_description":"Informacje og\u00f3lne Niniejsza Polityka Prywatno\u015bci okre\u015bla zasady przetwarzania i ochrony danych osobowych przekazanych przez U\u017cytkownik\u00f3w w zwi\u0105zku z korzystaniem przez nich serwisu www.bezpieczna-przestrzen.pl Administratorem danych osobowych zawartych w serwisie jest administrator serwisu: Daniel Kostrzewa, nr NIP 679-259-89-89 z siedzib\u0105 w Milan\u00f3wek, ul. Led\u00f3chowskiej 6. W trosce o bezpiecze\u0144stwo powierzonych nam danych opracowali\u015bmy wewn\u0119trzne procedury i [&hellip;]","og_url":"https:\/\/monika-wicinska.com\/index.php\/privacy-policy\/","og_site_name":"Bezpieczna przestrze\u0144","article_publisher":"https:\/\/www.facebook.com\/Bezpieczna-przestrze%c5%84-686760528377035","article_modified_time":"2020-04-20T19:02:59+00:00","twitter_card":"summary_large_image","twitter_misc":{"Szacowany czas czytania":"8 minut"},"schema":{"@context":"https:\/\/schema.org","@graph":[{"@type":"WebPage","@id":"https:\/\/monika-wicinska.com\/index.php\/privacy-policy\/","url":"https:\/\/monika-wicinska.com\/index.php\/privacy-policy\/","name":"Polityka prywatno\u015bci - Bezpieczna przestrze\u0144","isPartOf":{"@id":"https:\/\/monika-wicinska.com\/#website"},"datePublished":"2018-08-31T20:49:47+00:00","dateModified":"2020-04-20T19:02:59+00:00","breadcrumb":{"@id":"https:\/\/monika-wicinska.com\/index.php\/privacy-policy\/#breadcrumb"},"inLanguage":"pl-PL","potentialAction":[{"@type":"ReadAction","target":["https:\/\/monika-wicinska.com\/index.php\/privacy-policy\/"]}]},{"@type":"BreadcrumbList","@id":"https:\/\/monika-wicinska.com\/index.php\/privacy-policy\/#breadcrumb","itemListElement":[{"@type":"ListItem","position":1,"name":"Strona g\u0142\u00f3wna","item":"https:\/\/monika-wicinska.com\/"},{"@type":"ListItem","position":2,"name":"Polityka prywatno\u015bci"}]},{"@type":"WebSite","@id":"https:\/\/monika-wicinska.com\/#website","url":"https:\/\/monika-wicinska.com\/","name":"Bezpieczna przestrze\u0144","description":"Gabinet psychologiczny","potentialAction":[{"@type":"SearchAction","target":{"@type":"EntryPoint","urlTemplate":"https:\/\/monika-wicinska.com\/?s={search_term_string}"},"query-input":"required name=search_term_string"}],"inLanguage":"pl-PL"}]}},"jetpack_sharing_enabled":true,"_links":{"self":[{"href":"https:\/\/monika-wicinska.com\/index.php\/wp-json\/wp\/v2\/pages\/3","targetHints":{"allow":["GET"]}}],"collection":[{"href":"https:\/\/monika-wicinska.com\/index.php\/wp-json\/wp\/v2\/pages"}],"about":[{"href":"https:\/\/monika-wicinska.com\/index.php\/wp-json\/wp\/v2\/types\/page"}],"author":[{"embeddable":true,"href":"https:\/\/monika-wicinska.com\/index.php\/wp-json\/wp\/v2\/users\/1"}],"replies":[{"embeddable":true,"href":"https:\/\/monika-wicinska.com\/index.php\/wp-json\/wp\/v2\/comments?post=3"}],"version-history":[{"count":9,"href":"https:\/\/monika-wicinska.com\/index.php\/wp-json\/wp\/v2\/pages\/3\/revisions"}],"predecessor-version":[{"id":564,"href":"https:\/\/monika-wicinska.com\/index.php\/wp-json\/wp\/v2\/pages\/3\/revisions\/564"}],"wp:attachment":[{"href":"https:\/\/monika-wicinska.com\/index.php\/wp-json\/wp\/v2\/media?parent=3"}],"curies":[{"name":"wp","href":"https:\/\/api.w.org\/{rel}","templated":true}]}}